948 a multiple of 4?
True
Is 882 a factor of 6001128?
True
Is 1675 a factor of 36253700?
True
Is 67 a factor of 64761?
False
Is 16 a factor of 1889776?
True
Is 17 a factor of 1101909?
False
Does 67 divide 3728282?
True
Is 53543 a multiple of 44?
False
Is 277298 a multiple of 29?
True
Is 1303920 a multiple of 90?
True
Is 61 a factor of 606096?
True
Does 71 divide 390926?
True
Is 1278960 a multiple of 584?
True
Does 240 divide 2467200?
True
Does 9 divide 74565?
True
Is 5 a factor of 2526788?
False
Is 293 a factor of 471730?
True
Is 73175 a multiple of 8?
False
Does 1003 divide 5459329?
True
Is 9 a factor of 1883026?
False
Does 426 divide 7518509?
False
Does 43 divide 13940385?
True
Does 7 divide 904593?
False
Is 1046661 a multiple of 483?
True
Is 6043023 a multiple of 21?
True
Is 380 a factor of 18131749?
False
Is 55 a factor of 323565?
True
Does 246 divide 884124?
True
Is 3107000 a multiple of 65?
True
Is 248463 a multiple of 57?
True
Does 11 divide 66715?
True
Is 1440120 a multiple of 40?
True
Is 5763885 a multiple of 31?
False
Is 6263138 a multiple of 107?
True
Is 78 a factor of 576165?
False
Is 3893652 a multiple of 12?
True
Is 92 a factor of 17572?
True
Does 54 divide 1664?
False
Is 668560 a multiple of 168?
False
Does 345 divide 717722?
False
Is 718 a factor of 14942298?
True
Does 13 divide 23283?
True
Is 56 a factor of 9818448?
False
Does 3 divide 56007?
True
Does 28 divide 160636?
True
Is 41 a factor of 142434?
True
Does 375 divide 804375?
True
Does 16 divide 281268?
False
Is 34 a factor of 5239182?
False
Is 39 a factor of 149097?
True
Is 741 a factor of 863265?
True
Is 38 a factor of 233282?
True
Is 7098203 a multiple of 1094?
False
Does 152 divide 526376?
True
Is 146 a factor of 3775998?
True
Does 267 divide 272992?
False
Does 26 divide 2963004?
False
Is 137 a factor of 813328?
False
Does 72 divide 85680?
True
Does 41 divide 10149140?
True
Is 108790 a multiple of 62?
False
Does 20 divide 1054861?
False
Is 189784 a multiple of 28?
True
Is 57 a factor of 547599?
True
Is 16 a factor of 86016?
True
Is 830705 a multiple of 85?
True
Is 3835032 a multiple of 118?
False
Does 507 divide 161226?
True
Is 3041010 a multiple of 167?
False
Is 5880160 a multiple of 786?
False
Is 1997 a factor of 9038999?
False
Is 13 a factor of 22935198?
True
Is 366111 a multiple of 9?
True
Is 315 a factor of 215777?
False
Is 2898764 a multiple of 22?
True
Is 96135 a multiple of 806?
False
Is 13 a factor of 183496?
False
Does 574 divide 22945076?
True
Is 3417456 a multiple of 784?
True
Is 14 a factor of 2383767?
False
Does 10 divide 123062?
False
Does 6 divide 34632?
True
Does 1190 divide 7616000?
True
Is 183750 a multiple of 25?
True
Does 426 divide 5795689?
False
Is 24 a factor of 1738248?
True
Is 368474 a multiple of 260?
False
Is 10 a factor of 4448650?
True
Is 46023 a multiple of 13?
False
Does 67 divide 461766?
False
Does 14 divide 881059?
False
Does 4 divide 3575743?
False
Is 330198 a multiple of 14?
False
Is 88226 a multiple of 5?
False
Is 163 a factor of 246367?
False
Is 124594 a multiple of 11?
False
Does 37 divide 163230?
False
Does 28 divide 11919743?
False
Is 1169345 a multiple of 14?
False
Is 226070 a multiple of 5?
True
Is 39020 a multiple of 4?
True
Is 86 a factor of 2461750?
True
Is 181 a factor of 84686?
False
Does 45 divide 128716?
False
Is 7 a factor of 81907?
True
Does 188 divide 257748?
True
Is 50 a factor of 413248?
False
Does 437 divide 3143778?
True
Is 697 a factor of 1221828?
False
Is 7 a factor of 12094747?
True
Does 19 divide 102321?
False
Is 353 a factor of 2994852?
True
Is 3199920 a multiple of 536?
True
Is 633479 a multiple of 10?
False
Is 1680810 a multiple of 537?
True
Is 7415899 a multiple of 539?
False
Is 18 a factor of 412020?
True
Is 9792030 a multiple of 22?
False
Does 382 divide 464400?
False
Does 12 divide 812820?
True
Is 55 a factor of 1111550?
True
Is 847 a factor of 1064679?
True
Is 18 a factor of 740196?
True
Is 508 a factor of 58928?
True
Is 1779151 a multiple of 837?
False
Is 162027 a multiple of 257?
False
Is 206 a factor of 349489?
False
Does 63 divide 1488879?
True
Does 20 divide 1437853?
False
Is 92 a factor of 3522864?
True
Is 37 a factor of 4302014?
False
Is 145603 a multiple of 32?
False
Does 24 divide 225172?
False
Is 48 a factor of 717401?
False
Is 12477587 a multiple of 169?
False
Is 100009 a multiple of 13?
True
Is 103950 a multiple of 75?
True
Is 6394044 a multiple of 71?
False
Is 63198 a multiple of 17?
False
Is 115848 a multiple of 36?
True
Does 14 divide 144470?
False
Is 13311452 a multiple of 44?
True
Does 7 divide 126749?
True
Is 1741461 a multiple of 400?
False
Is 44510 a multiple of 362?
False
Does 462 divide 1506120?
True
Does 544 divide 960704?
True
Is 693 a factor of 1734775?
False
Does 10 divide 184720?
True
Does 9 divide 60354?
True
Is 481848 a multiple of 24?
True
Is 22949085 a multiple of 533?
False
Does 56 divide 4872?
True
Is 65 a factor of 396955?
True
Is 15 a factor of 5859350?
False
Is 5083088 a multiple of 10?
False
Does 12 divide 40189?
False
Is 20 a factor of 498747?
False
Is 420 a factor of 1874660?
False
Is 14 a factor of 228708?
False
Is 600 a factor of 2147400?
True
Is 637 a factor of 655614?
False
Is 7498677 a multiple of 136?
False
Does 60 divide 178902?
False
Does 40 divide 532283?
False
Is 31 a factor of 529790?
True
Is 33 a factor of 2657820?
True
Is 5 a factor of 131525?
True
Is 7414372 a multiple of 76?
False
Does 42 divide 2265463?
False
Does 1020 divide 2221560?
True
Is 232880 a multiple of 20?
True
Is 1400432 a multiple of 16?
True
Does 78 divide 656838?
True
Is 97 a factor of 174276?
False
Is 17 a factor of 284835?
True
Is 38 a factor of 189150?
False
Does 3 divide 5052?
True
Is 6 a factor of 587487?
False
Does 36 divide 887940?
True
Is 800 a multiple of 16?
True
Does 658 divide 8027600?
True
Is 10 a factor of 12460?
True
Does 36 divide 108318?
False
Is 1136 a factor of 6480880?
True
Is 13 a factor of 472251?
True
Does 271 divide 1872908?
False
Is 1073 a factor of 7557139?
True
Is 7589 a multiple of 2?
False
Is 26 a factor of 23408892?
True
Does 26 divide 1077726?
True
Does 120 divide 52552?
False
Does 831 divide 6142358?
False
Is 102576 a multiple of 375?
False
Does 174 divide 1755195?
False
Is 2248156 a multiple of 322?
False
Is 8314889 a multiple of 342?
False
Is 116 a factor of 252112?
False
Is 219241 a multiple of 6?
False
Is 23 a factor of 584440?
False
Is 16061061 a multiple of 932?
False
Is 23 a factor of 371450?
True
Is 7732902 a multiple of 814?
False
Is 2 a factor of 8709?
False
Is 443 a factor of 494042?
False
Is 43 a factor of 198562?
False
Is 102 a factor of 1326415?
False
Does 5 divide 4905551?
False
Is 76 a factor of 2517804?
True
Does 4 divide 1146874?
False
Does 9 divide 90688?
False
Does 53 divide 2362952?
True
Is 32 a factor of 537343?
False
Is 828 a factor of 442152?
True
Is 30144 a multiple of 471?
True
Is 31 a factor of 685379?
True
Is 751 a factor of 9126152?
True
Is 1692563 a multiple of 6?
False
Does 54 divide 2476826?
False
Is 848475 a multiple of 27?
True
Is 23 a factor of 227443?
False
Does 30 divide 419834?
False
Does 824 divide 10592847?
False
Is 171544 a multiple of 5?
False
Is 82 a factor of 33292?
True
Is 19 a factor of 655595?
True
Is 44643 a multiple of 24?
False
Is 50 a factor of 144066?
False
Does 46 divide 1243932?
True
Is 120 a factor of 126960?
True
Does 55 divide 384835?
True
Is 2175328 a multiple of 269?
False
Does 25 divide 14488?
False
Is 66 a multiple of 4?
False
Is 51 a factor of 129744?
True
Does 28 divide 49420?
True
Does 17 divide 1156034?
True
Does 12 divide 43970?
False
Does 121 divide 14925955?
True
Is 3579556 a multiple of 11?
False
Is 5 a factor of 387628?
False
Is 53 a factor of 85695?
False
Is 100205 a multiple of 9?
False
Does 3 divide 19851?
True
Is 13 a factor of 3038018?
False
Is 173718 a multiple of 18?
True
Is 73745 a multiple of 51?
False
Does 33 divide 27302190?
False
Does 74 divide 370991?
False
Is 12 a factor of 885396?
True
Is 59 a factor of 470938?
True
Does 12 divide 1656997?
False
Is 1419399 a multiple of 5?
False
Does 1006 divide 9073114?
True
Does 18 divide 8348508?
True
Is 6286124 a multiple of 221?
True
Is 168399 a multiple of 113?
False
Is 56 a factor of 212628?
False
Is 5412661 a multiple of 1